hat is the tens digit of 618209?
0
What is the thousands digit of 12806391?
6
What is the units digit of 537250?
0
What is the ten thousands digit of 1944300?
4
What is the hundred thousands digit of 4053925?
0
What is the thousands digit of 204161?
4
What is the thousands digit of 26655432?
5
What is the hundreds digit of 1468065?
0
What is the tens digit of 18739?
3
What is the units digit of 412624?
4
What is the hundreds digit of 1044790?
7
What is the tens digit of 2047123?
2
What is the units digit of 84764?
4
What is the tens digit of 2484956?
5
What is the thousands digit of 154711?
4
What is the thousands digit of 460461?
0
What is the units digit of 2662995?
5
What is the units digit of 182942?
2
What is the units digit of 618965?
5
What is the units digit of 3399474?
4
What is the ten thousands digit of 132484?
3
What is the tens digit of 4359158?
5
What is the millions digit of 1009733?
1
What is the thousands digit of 2922737?
2
What is the tens digit of 15919?
1
What is the hundreds digit of 4692020?
0
What is the thousands digit of 2018940?
8
What is the millions digit of 7468495?
7
What is the ten thousands digit of 2035038?
3
What is the tens digit of 2597552?
5
What is the thousands digit of 22272?
2
What is the hundreds digit of 38609445?
4
What is the hundred thousands digit of 4325388?
3
What is the ten thousands digit of 341282?
4
What is the ten thousands digit of 156935?
5
What is the hundred thousands digit of 14280797?
2
What is the tens digit of 682464?
6
What is the tens digit of 13307678?
7
What is the hundred thousands digit of 983897?
9
What is the units digit of 2395071?
1
What is the tens digit of 239288?
8
What is the units digit of 57415?
5
What is the units digit of 1966253?
3
What is the units digit of 282590?
0
What is the units digit of 493784?
4
What is the units digit of 1082171?
1
What is the tens digit of 427309?
0
What is the tens digit of 4891629?
2
What is the units digit of 10988421?
1
What is the tens digit of 8893831?
3
What is the tens digit of 11710153?
5
What is the thousands digit of 1153894?
3
What is the hundreds digit of 22073062?
0
What is the thousands digit of 6724741?
4
What is the millions digit of 13486796?
3
What is the hundred thousands digit of 11586179?
5
What is the hundred thousands digit of 3977893?
9
What is the tens digit of 3208162?
6
What is the hundred thousands digit of 4676273?
6
What is the ten thousands digit of 3037014?
3
What is the thousands digit of 9727148?
7
What is the tens digit of 980144?
4
What is the hundreds digit of 362151?
1
What is the tens digit of 298493?
9
What is the ten thousands digit of 206960?
0
What is the tens digit of 1903809?
0
What is the ten thousands digit of 192415?
9
What is the hundred thousands digit of 326453?
3
What is the hundred thousands digit of 5096650?
0
What is the ten thousands digit of 1935961?
3
What is the thousands digit of 80749?
0
What is the hundreds digit of 427616?
6
What is the units digit of 332502?
2
What is the ten thousands digit of 129611?
2
What is the millions digit of 40774864?
0
What is the tens digit of 1005148?
4
What is the hundred thousands digit of 106487?
1
What is the hundreds digit of 19390492?
4
What is the thousands digit of 1487481?
7
What is the units digit of 668329?
9
What is the tens digit of 305671?
7
What is the hundreds digit of 591551?
5
What is the hundreds digit of 19515995?
9
What is the hundred thousands digit of 352006?
3
What is the millions digit of 3922477?
3
What is the ten thousands digit of 585245?
8
What is the hundred thousands digit of 122208?
1
What is the thousands digit of 9732381?
2
What is the tens digit of 10862?
6
What is the hundreds digit of 1016852?
8
What is the millions digit of 3342485?
3
What is the ten thousands digit of 10294364?
9
What is the tens digit of 158308?
0
What is the units digit of 4394213?
3
What is the ten thousands digit of 1249406?
4
What is the hundreds digit of 117483?
4
What is the ten thousands digit of 1923912?
2
What is the hundreds digit of 14030264?
2
What is the ten thousands digit of 9853969?
5
What is the millions digit of 3458867?
3
What is the thousands digit of 623580?
3
What is the millions digit of 7017499?
7
What is the units digit of 1502926?
6
What is the thousands digit of 541355?
1
What is the hundred thousands digit of 273888?
2
What is the hundred thousands digit of 164215?
1
What is the units digit of 1656017?
7
What is the thousands digit of 1376983?
6
What is the hundred thousands digit of 4237079?
2
What is the units digit of 5203707?
7
What is the tens digit of 66151?
5
What is the hundred thousands digit of 164217?
1
What is the units digit of 319897?
7
What is the hundred thousands digit of 756362?
7
What is the tens digit of 215112?
1
What is the tens digit of 75015?
1
What is the thousands digit of 169579?
9
What is the hundred thousands digit of 277138?
2
What is the thousands digit of 3344368?
4
What is the tens digit of 1300862?
6
What is the thousands digit of 8531638?
1
What is the ten thousands digit of 607746?
0
What is the millions digit of 1060691?
1
What is the thousands digit of 394602?
4
What is the hundreds digit of 1574895?
8
What is the hundreds digit of 204597?
5
What is the thousands digit of 2496572?
6
What is the tens digit of 2768110?
1
What is the units digit of 4839874?
4
What is the ten thousands digit of 439918?
3
What is the thousands digit of 299881?
9
What is the hundred thousands digit of 1677600?
6
What is the tens digit of 13389915?
1
What is the tens digit of 28814076?
7
What is the units digit of 5439420?
0
What is the ten millions digit of 23959582?
2
What is the hundred thousands digit of 477442?
4
What is the hundred thousands digit of 405848?
4
What is the units digit of 4629691?
1
What is the tens digit of 7955111?
1
What is the ten millions digit of 33312888?
3
What is the millions digit of 2128307?
2
What is the thousands digit of 45184?
5
What is the units digit of 2510062?
2
What is the hundred thousands digit of 159139?
1
What is the hundred thousands digit of 1064416?
0
What is the thousands digit of 923363?
3
What is the units digit of 299746?
6
What is the thousands digit of 196278?
6
What is the thousands digit of 2776648?
6
What is the hundreds digit of 192534?
5
What is the units digit of 5676151?
1
What is the hundreds digit of 18354?
3
What is the millions digit of 23117398?
3
What is the hundreds digit of 323951?
9
What is the thousands digit of 21821988?
1
What is the units digit of 6525015?
5
What is the units digit of 122461?
1
What is the thousands digit of 1623007?
3
What is the units digit of 5822751?
1
What is the units digit of 11942621?
1
What is the hundreds digit of 558329?
3
What is the tens digit of 213526?
2
What is the thousands digit of 855987?
5
What is the thousands digit of 7911226?
1
What is the hundreds digit of 5291007?
0
What is the tens digit of 341039?
3
What is the hundred thousands digit of 187472?
1
What is the units digit of 1044450?
0
What is the hundreds digit of 1877694?
6
What is the thousands digit of 576145?
6
What is the hundreds digit of 312690?
6
What is the ten thousands digit of 2473541?
7
What is the ten thousands digit of 120742?
2
What is the tens digit of 465757?
5
What is the tens digit of 112260?
6
What is the ten thousands digit of 20476081?
7
What is the units digit of 4017968?
8
What is the thousands digit of 6380247?
0
What is the hundreds digit of 341601?
6
What is the thousands digit of 839687?
9
What is the units digit of 359156?
6
What is the ten thousands digit of 4411398?
1
What is the tens digit of 127923?
2
What is the ten thousands digit of 14295328?
9
What is the units digit of 364928?
8
What is the tens digit of 2093889?
8
What is the thousands digit of 17150?
7
What is the ten thousands digit of 366238?
6
What is the ten thousands digit of 4788384?
8
What is the millions digit of 1547627?
1
What is the units digit of 237330?
0
What is the thousands digit of 1742665?
2
What is the ten thousands digit of 522094?
2
What is the millions digit of 7090321?
7
What is the hundred thousands digit of 13680773?
6
What is the hundreds digit of 209795?
7
What is the thousands digit of 12107034?
7
What is th